 10*u. List the prime factors of u.
2
Suppose -3*t = 20*g - 17*g - 17130, 3*t - 2*g = 17150. What are the prime factors of t?
2, 2857
Let g(m) = 4*m + 8. Let v be g(8). Let l = 496 - v. List the prime factors of l.
2, 3, 19
Let s(o) = 52*o - 4. Let h be s(-1). Let m = h + 85. What are the prime factors of m?
29
Suppose 13*s - 6 = -6. Suppose 13*m - 8*m - 470 = s. What are the prime factors of m?
2, 47
Let u(v) = 1667*v + 74. Let c(o) = -333*o - 15. Let i(g) = -11*c(g) - 2*u(g). List the prime factors of i(2).
3, 5
Let j(a) be the first derivative of 2*a**3 - 8*a + 19. Let n be j(-4). Suppose -5*m = 2*b - n, b + 37 = 2*m - 0*m. List the prime factors of m.
2, 3
Let m(n) = 1733*n - 3563. List the prime factors of m(24).
17, 2237
Let c(j) = 4*j**2 - 62*j + 39. Let n be c(14). List the prime factors of 4 - (5572/(-42))/((-6)/n).
3, 37
Suppose 20*f = -781 + 81. What are the prime factors of 330 + 0 - (f + 32)?
3, 37
Suppose -43 + 13 = 10*j. Let w(t) = t**3 + 9*t**2 + 10*t + 3. What are the prime factors of w(j)?
3
Let c(f) = -31*f + 204. Let q be c(7). Let o(r) be the first derivative of -r**4/4 - 13*r**3/3 - 2*r**2 - 8*r + 3. List the prime factors of o(q).
2, 11
Let w = 43497 + -13852. What are the prime factors of w?
5, 7, 11
Suppose -21*d + 24*d + 4*m - 3764 = 0, -3*d = -5*m - 3800. List the prime factors of 33/(6 + d/(-212)).
11, 53
Let g = -9895 + 16884. List the prime factors of g.
29, 241
Let j = -7547 - -5310. Let n = j - -3238. List the prime factors of n.
7, 11, 13
Suppose -75*a + 80*a = 2920. Suppose a = 6*z - 4*z. Suppose z = 10*p - 88. List the prime factors of p.
2, 19
Suppose -535 = 9*k + 203. Let w = k + 89. Suppose j = 61 - w. List the prime factors of j.
2, 3
Suppose 6*c = 11*c - 90. Let b(h) = 3*h**3 - 6*h**2 - 2*h**3 - 7*h - 12 + 14*h + c*h**2. What are the prime factors of b(-10)?
2, 59
Let z = -11705 + 12859. List the prime factors of z.
2, 577
Suppose -c = -3*r + 41450, 11*r = 7*r - 4*c + 55288. What are the prime factors of r?
2, 3, 7, 47
Suppose -4*b = -0*b + 2*f - 18, 5*f = -2*b - 11. What are the prime factors of (8344/98)/(1/b)?
2, 149
Let i be (28/6)/(12 + (-245)/21). Suppose -5*d + i*w + 5125 = 9*w, 0 = 5*d - 4*w - 5130. What are the prime factors of d?
2, 5, 103
Let w(c) = 2*c - 14. Let q(v) = v**2 - 7*v + 1. Let i be q(8). Let a be w(i). Suppose 3*k = -4*o + 538, -3*k + o - 180 = -a*k. What are the prime factors of k?
2, 7, 13
Let o(k) = -k**3 + 4*k**2 - k + 5. Let i be o(4). Let z be i*(6/(-4))/(3/(-6)). Let b(m) = 64*m + 21. List the prime factors of b(z).
3, 71
Let j be -234*2 + 0/(-6 - 3). Let u = j + 1349. List the prime factors of u.
881
Let c(v) = -6094*v - 8104. What are the prime factors of c(-14)?
2, 97, 199
Let m(n) = -30*n - 182. Let o be m(-25). Let w = o - 372. What are the prime factors of w?
2, 7
Suppose 2*m - 104264 = 4*p, -296*p = 2*m - 298*p - 104264. What are the prime factors of m?
2, 13033
Let z(s) = 8*s**2 - 75*s + 214. What are the prime factors of z(15)?
7, 127
Let i be (-1)/(-3) - (-5 + (-65)/(-15)). List the prime factors of 0*i/2 + 429 + -10.
419
Suppose -2601 - 454 = -13*a. Let m = 720 - a. What are the prime factors of m?
5, 97
Let m(q) = 37*q**2 + 34*q + 1 + 633*q**3 - 635*q**3 - 27*q. List the prime factors of m(18).
11, 41
Suppose 4*b + 8*b = 2*b + 73100. What are the prime factors of b?
2, 5, 17, 43
Let p(r) = 0*r + 716*r**2 - 23*r - 717*r**2 + 7. Suppose 0 = 5*u + 32 + 3. What are the prime factors of p(u)?
7, 17
Let y = -3111 - -9721. What are the prime factors of y?
2, 5, 661
Let z = 37 - 34. Suppose -3*g + 829 = o, -3*g - z*o + 249 + 576 = 0. List the prime factors of g.
277
Suppose 0 = 3*v - u - 131003, -2801*v + 2804*v - 131027 = -5*u. List the prime factors of v.
43669
Suppose 2328*c + 1898236 = 2422*c. List the prime factors of c.
2, 23, 439
Let l(i) = -64*i - 43. Let o be l(4). Let w = o - -493. List the prime factors of w.
2, 97
Suppose 5*n - 15334 = -5*p + 30551, -p + 4*n = -9162. List the prime factors of p.
2, 3, 11, 139
Suppose 0 = -5*g - 0*g + 1055. Suppose 0 = -2*r + n + g, r = 2*n - 36 + 134. Suppose 3*x - x - r = 0. List the prime factors of x.
2, 3
Let z be 1 + -1 + 60/15. Suppose 0 = 5*x + 2*l - 1793, -2*x + z*l = -l - 694. List the prime factors of x.
3, 7, 17
Suppose -3*b + t + 4*t = 1, -2*t + 18 = b. List the prime factors of (-5052)/6*(-8)/b.
2, 421
Let h(q) = -79*q + 551. Let u be h(7). Suppose -7 = -s - 25. What are the prime factors of (s/(-15))/(u/(-190))?
2, 3, 19
Let a = 1484 - 682. Let m = a + -440. What are the prime factors of m?
2, 181
Suppose -94*g - 4630 = -21251 - 33575. List the prime factors of g.
2, 3, 89
Let a(s) = -42*s**3 - 2*s**2 + 3*s + 5. Let d(q) = 43*q**3 + 2*q**2 - 3*q - 5. Let i(p) = -3*a(p) - 4*d(p). What are the prime factors of i(-2)?
359
Let i(r) = -1274*r**3 - 3*r - 14. List the prime factors of i(-2).
2, 19, 67
Suppose a + 65 = 3*q, -4*q + 269 = -a + 182. What are the prime factors of q?
2, 11
Let y be 9/(-9) + 2 + 0 + 0. Let o be (-3)/y - (-3 - -6). List the prime factors of 4752/20 + o/(-15).
2, 7, 17
Suppose 21*b + 71896 = 32*b + 32*b. What are the prime factors of b?
2, 11, 19
Let l(n) = n**3 - 13*n**2 + 15*n - 14. Let k be l(12). Let u = -24 + k. List the prime factors of (u + 6)/(8/188).
2, 47
Suppose -13*u = -16*u - 15691 + 53098. What are the prime factors of u?
37, 337
Let v = 9302 - 5323. List the prime factors of v.
23, 173
Let y(s) = -3*s**2 - 2*s - 3. Let a(u) = -3*u**2 - u - 4. Let o(k) = -5*a(k) + 6*y(k). Let g be o(-2). Suppose 4*h = -g*h + 880. List the prime factors of h.
2, 5, 11
Let v = 228 - 215. Suppose 0 = -v*d + 23*d - 5390. What are the prime factors of d?
7, 11
Let h(o) = -9*o + 160. Let g be h(17). Let q(d) = 13*d**2 + 25*d - 132. List the prime factors of q(g).
2, 5, 17
Let j(g) = 6528*g**3 + 32*g**2 - 65*g - 8. What are the prime factors of j(2)?
2, 26107
Suppose 4*g - 135 + 143 = 0. Let n = 59 + -60. List the prime factors of n/(-2) - (-81)/(-12)*g.
2, 7
Let x = 28 - 24. Suppose -4*f = -8 - x. Suppose -2*m + 298 = m - 4*i, f*m - 323 = -i. What are the prime factors of m?
2, 53
Suppose 9*y = -45, -5*f + 151615 = -5*y + 50130. What are the prime factors of f?
2, 3, 19, 89
Let c(v) = 23*v - 315. List the prime factors of c(56).
7, 139
Let o(p) = -11*p + 4. Let d be o(2). List the prime factors of ((-820)/(-6))/(d/(-945)*7).
5, 41
Let y(v) be the second derivative of v**4/12 + 11*v**3/6 - 11*v**2/2 + 20*v. Let q be y(-6). Let p = 14 - q. What are the prime factors of p?
5, 11
Let d be 198/36 - 2/4. Let o(a) = -3*a**3 - 7*a**2 - 7*a + 14. Let w(t) = -t**3 - t**2 + 1. Let r(b) = o(b) - 4*w(b). What are the prime factors of r(d)?
5
Suppose -62 = -d - 3*h, -3*d + 2*d + h + 50 = 0. Suppose 2*o - d - 91 = 0. Suppose c - o = -0*c. What are the prime factors of c?
2, 3
Let c = 9688 - 1346. List the prime factors of c.
2, 43, 97
Suppose -13*c + 38*c - 148025 = 0. List the prime factors of c.
31, 191
Suppose 2*i = -6, -m = m - 3*i - 11. Let s(u) = 31*u**3 - 4*u**2 + 3*u - 1. Let y(c) = -c**3 + c. Let v(l) = m*s(l) - 2*y(l). List the prime factors of v(2).
3, 83
Let d(u) = -9*u + 25*u**2 + 9*u - 7*u - 14. Let x be d(-4). Suppose -4*s = -174 - x. List the prime factors of s.
3, 7
Suppose 0 = -m - 5*v + 9*v + 369, m + v - 339 = 0. What are the prime factors of m?
3, 5, 23
Suppose -83 = -16*b - 3. Suppose -3*d = -y + 2*d + b, d + 1 = -y. Suppose 5*c - 5*o - 574 = 626, y = 4*c + o - 955. List the prime factors of c.
239
Let v = -921 + 1578. Suppose -3*h + 1931 = -5*g + 6*g, h - 3*g - v = 0. What are the prime factors of h?
3, 5, 43
Let o(x) = 937*x**2 + 642*x + 22. List the prime factors of o(5).
19, 23, 61
Let k(c) = -c**3 - 9*c**2 + 22*c + 8. Let v be k(-11). Suppose -5*b - 1908 = -v*b. List the prime factors of b.
2, 3, 53
Suppose 13200772 = 78*r + 47*r + 93*r. What are the prime factors of r?
2, 13, 17, 137
Let o(g) be the first derivative of -g**4/4 - 7*g**3 - 11*g**2/2 - 29*g - 9. What are the prime factors of o(-21)?
2, 101
Suppose 4*l + 3*d - 71 = 0, 4*d - 85 = -5*l - d. Let h(z) = z**2 - 3. List the prime factors of h(l).
397
Let w be -39*4*(-8)/32. Suppose -5*r = w*j - 43*j - 452, 5*j + 455 = 5*r. What are the prime factors of r?
2, 11
Let a(t) = 10*t**3 - 75*t**2 + 2*t + 192. What are the prime factor